{"id":76,"date":"2023-05-15T15:08:36","date_gmt":"2023-05-15T13:08:36","guid":{"rendered":"http:\/\/adventure-vision.fr\/?page_id=76"},"modified":"2023-05-30T16:01:21","modified_gmt":"2023-05-30T14:01:21","slug":"qui-sommes-nous","status":"publish","type":"page","link":"https:\/\/adventure-vision.fr\/index.php\/qui-sommes-nous\/","title":{"rendered":"Antoine DOR\u00c9"},"content":{"rendered":"\n<p>Ing\u00e9nieur g\u00e9n\u00e9raliste et titulaire d&#8217;un Master en Administration des Entreprises, j&#8217;ai \u00e9volu\u00e9 dans l&#8217;industrie la majeure partie de ma carri\u00e8re.<\/p>\n\n\n\n<p>Orient\u00e9 &#8220;Terrain&#8221; et &#8220;Performance Industrielle&#8221;, j&#8217;ai occup\u00e9 toutes les fonctions op\u00e9rationnelles de l&#8217;Ing\u00e9nieur Process jusqu&#8217;\u00e0 la Direction G\u00e9n\u00e9rale d&#8217;une PME de 180 salari\u00e9s.<\/p>\n\n\n\n<p>Convaincu par le potentiel des ERP et de la n\u00e9cessit\u00e9 de la mesure pour contr\u00f4ler la trajectoire de mon entreprise, j&#8217;ai d\u00e9velopp\u00e9 &#8211; en parall\u00e8le de mes fonctions op\u00e9rationnelles &#8211; une culture de l&#8217;analyse de donn\u00e9es.  <\/p>\n\n\n\n<p>En 2023, fort de mon exp\u00e9rience en gestion et convaincu que le potentiel des donn\u00e9es est sous-employ\u00e9 dans nos entreprises, je d\u00e9cide de me lancer et de proposer mes propres solutions d&#8217;informatique d\u00e9cisionnelle.<\/p>\n\n\n\n<p>Vous souhaitez une d\u00e9monstration ou un diagnostic : <a href=\"mailto:antoine-adventure@outlook.com\">antoine-adventure@outlook.com<\/a><\/p>\n","protected":false},"excerpt":{"rendered":"<p>Ing\u00e9nieur g\u00e9n\u00e9raliste et titulaire d&#8217;un Master en Administration des Entreprises, j&#8217;ai \u00e9volu\u00e9 dans l&#8217;industrie la majeure partie de ma carri\u00e8re. Orient\u00e9 &#8220;Terrain&#8221; et &#8220;Performance Industrielle&#8221;, &hellip;<\/p>\n","protected":false},"author":1,"featured_media":0,"parent":0,"menu_order":0,"comment_status":"closed","ping_status":"closed","template":"","meta":{"footnotes":""},"class_list":["post-76","page","type-page","status-publish","hentry"],"_links":{"self":[{"href":"https:\/\/adventure-vision.fr\/index.php\/wp-json\/wp\/v2\/pages\/76","targetHints":{"allow":["GET"]}}],"collection":[{"href":"https:\/\/adventure-vision.fr\/index.php\/wp-json\/wp\/v2\/pages"}],"about":[{"href":"https:\/\/adventure-vision.fr\/index.php\/wp-json\/wp\/v2\/types\/page"}],"author":[{"embeddable":true,"href":"https:\/\/adventure-vision.fr\/index.php\/wp-json\/wp\/v2\/users\/1"}],"replies":[{"embeddable":true,"href":"https:\/\/adventure-vision.fr\/index.php\/wp-json\/wp\/v2\/comments?post=76"}],"version-history":[{"count":11,"href":"https:\/\/adventure-vision.fr\/index.php\/wp-json\/wp\/v2\/pages\/76\/revisions"}],"predecessor-version":[{"id":136,"href":"https:\/\/adventure-vision.fr\/index.php\/wp-json\/wp\/v2\/pages\/76\/revisions\/136"}],"wp:attachment":[{"href":"https:\/\/adventure-vision.fr\/index.php\/wp-json\/wp\/v2\/media?parent=76"}],"curies":[{"name":"wp","href":"https:\/\/api.w.org\/{rel}","templated":true}]}}